{"id":16,"date":"2015-03-12T10:47:43","date_gmt":"2015-03-12T08:47:43","guid":{"rendered":"http:\/\/sireti.sat.md\/?page_id=16"},"modified":"2025-12-10T14:20:28","modified_gmt":"2025-12-10T12:20:28","slug":"contacte","status":"publish","type":"page","link":"https:\/\/sireti.sat.md\/?page_id=16","title":{"rendered":"Contacte"},"content":{"rendered":"<p style=\"text-align: left\">\u00a0 \u00a0 \u00a0 \u00a0 \u00a0 \u00a0 \u00a0 \u00a0 \u00a0 \u00a0 \u00a0 \u00a0 \u00a0 \u00a0 \u00a0 \u00a0 \u00a0 \u00a0 \u00a0 \u00a0 \u00a0 \u00a0 \u00a0 \u00a0 \u00a0<strong> Lista de contacte prim\u0103ria Sire\u021bi<\/strong><\/p>\n<table width=\"698\">\n<tbody>\n<tr>\n<td colspan=\"4\" width=\"694\"><strong>ADMINISTRA\u021aIA<\/strong><\/td>\n<\/tr>\n<tr>\n<td width=\"153\"><strong>Nume\/Prenume<\/strong><\/td>\n<td width=\"183\"><strong>Func\u021bia<\/strong><\/td>\n<td width=\"112\"><strong>Telefon<\/strong><\/td>\n<td width=\"239\"><strong>E-mail<\/strong><\/td>\n<\/tr>\n<tr>\n<td width=\"153\">BOAGHI Leonid<\/td>\n<td width=\"183\">Primar<\/td>\n<td width=\"112\">0237-71-236<\/p>\n<p>069586536<\/td>\n<td width=\"239\"><a href=\"mailto:boaghi.leonid@gmail.com\">boaghi.leonid@gmail.com<\/a><\/td>\n<\/tr>\n<tr>\n<td width=\"153\">IORGA Alexandru<\/td>\n<td width=\"183\">Viceprimar<\/td>\n<td width=\"112\">069944300<\/td>\n<td width=\"239\"><a href=\"mailto:alexandruiorga84@gmail.com\">alexandruiorga84@gmail.com<\/a><\/td>\n<\/tr>\n<tr>\n<td width=\"153\">RO\u0218CA Irina<\/td>\n<td width=\"183\">Viceprimar<\/td>\n<td width=\"112\">068882377<\/td>\n<td width=\"239\"><a href=\"mailto:irigrecu2377@gmail.com\">iri.grecu2377@gmail.com<\/a><\/td>\n<\/tr>\n<tr>\n<td width=\"153\">GHERCIU Ana<\/td>\n<td width=\"183\">Viceprimar<\/td>\n<td width=\"112\">068248885<\/td>\n<td width=\"239\"><a href=\"mailto:gherciuana3@gmail.com\">gherciuana3@gmail.com<\/a><\/td>\n<\/tr>\n<tr>\n<td width=\"153\">IORGA Adelina<\/td>\n<td width=\"183\">Secretar consiliul local<\/td>\n<td width=\"112\">0237-71-191<\/p>\n<p>069464346<\/td>\n<td width=\"239\"><a href=\"mailto:secretariat@sireti.md\">secretariat@sireti.md<\/a><\/p>\n<p>&nbsp;<\/td>\n<\/tr>\n<tr>\n<td width=\"153\">SULA Maria<\/td>\n<td width=\"183\">Contabil\u0103-\u0219ef\u0103<\/td>\n<td width=\"112\">0237-71-368<\/p>\n<p>069472834<\/td>\n<td width=\"239\"><a href=\"mailto:pscontabilitatea@gmail.com\">pscontabilitatea@gmail.com<\/a><\/td>\n<\/tr>\n<tr>\n<td width=\"153\">MERENEANU Mihail<\/td>\n<td width=\"183\">Specialist (reglementare rela\u021bii funciare)<\/td>\n<td width=\"112\">0237-71-459<\/p>\n<p>068188651<\/td>\n<td width=\"239\"><a href=\"mailto:mihaimereneanu@gmail.com\">mihaimereneanu@gmail.com<\/a><\/td>\n<\/tr>\n<tr>\n<td width=\"153\">BOAGHE Vlad<\/td>\n<td width=\"183\">Inginer cadastral<\/td>\n<td width=\"112\">060071786<\/td>\n<td width=\"239\"><a href=\"mailto:boaghivlad@gmail.com\">boaghivlad5@gmail.com<\/a><\/td>\n<\/tr>\n<tr>\n<td width=\"153\">BUDEANU Eleonora<\/td>\n<td width=\"183\">Specialist\u0103 (percepere<\/p>\n<p>fiscal\u0103)<\/td>\n<td width=\"112\">069220916<\/td>\n<td width=\"239\"><a href=\"mailto:eleonorabudeanu2@gmail.com\">eleonorabudeanu2@gmail.com<\/a><\/td>\n<\/tr>\n<tr>\n<td width=\"153\">CARTIRA Vasile<\/td>\n<td width=\"183\">Arhitect<\/p>\n<p>Specialist CUPS<\/td>\n<td width=\"112\">0237-61-035<\/p>\n<p>069217737<\/td>\n<td width=\"239\"><a href=\"mailto:sireti@cups.gov.md\">sireti@cups.gov.md<\/a><\/p>\n<p><a href=\"mailto:cartiravasile70@gmail.com\">cartiravasile70@gmail.com<\/a><\/td>\n<\/tr>\n<tr>\n<td width=\"153\">BUDEANU\u00a0 Galina<\/td>\n<td width=\"183\">Contabil\u0103<\/p>\n<p>Casier<\/td>\n<td width=\"112\">0237-71-368<\/p>\n<p>068548301<\/td>\n<td width=\"239\"><a href=\"mailto:pscontabilitatea@gmail.com\">pscontabilitatea@gmail.com<\/a><\/td>\n<\/tr>\n<tr>\n<td width=\"153\">VR\u00c2NCEANU Silvia<\/td>\n<td width=\"183\">Contabil\u0103<\/td>\n<td width=\"112\">0237-71-368<\/p>\n<p>069702444<\/td>\n<td width=\"239\"><u>silviavranceanu007@gmail.com\u00a0<\/u><\/td>\n<\/tr>\n<tr>\n<td width=\"153\">ERMURACHI Valeria<\/td>\n<td width=\"183\">Specialist achizi\u021bii, comunicare<\/td>\n<td width=\"112\">068154690<\/td>\n<td width=\"239\"><a href=\"mailto:ermurachi.rica@gmail.com\">ermurachi.rica@gmail.com<\/a><\/td>\n<\/tr>\n<tr>\n<td width=\"153\">IACHIM Victoria<\/td>\n<td width=\"183\">Specialist\u0103 \u00a0(atragere investi\u021bii)\/ Administratoare<\/td>\n<td width=\"112\">069653172<\/td>\n<td width=\"239\"><a href=\"mailto:victoriaiachim1985@gmail.com\">victoriaiachim1985@gmail.com<\/a><\/td>\n<\/tr>\n<tr>\n<td width=\"153\">RAILEAN Ana-Maria<\/td>\n<td width=\"183\">Specialist\u0103 \u00a0(atragere investi\u021bii)<\/td>\n<td width=\"112\">068137025<\/td>\n<td width=\"239\"><a href=\"mailto:anamariarailean27@gmail.com\">anamariarailean27@gmail.com<\/a><\/td>\n<\/tr>\n<tr>\n<td width=\"153\">SIMION Adriana<\/td>\n<td width=\"183\">Specialist\u0103 \u00a0(atragere investi\u021bii)<\/td>\n<td width=\"112\">068967100<\/td>\n<td width=\"239\"><a href=\"mailto:andreeasimion780@gmail.com\">andreeasimion780@gmail.com<\/a><\/td>\n<\/tr>\n<tr>\n<td width=\"153\">VRINCEANU Veronica<\/td>\n<td width=\"183\">Specialist\u0103\u00a0 (atragere investi\u021bii)<\/td>\n<td width=\"112\">079162422<\/td>\n<td width=\"239\"><a href=\"mailto:vera.vrincea@gmail.com\">vera.vrincea@gmail.com<\/a><\/td>\n<\/tr>\n<tr>\n<td width=\"153\">CIUBUC Igor<\/td>\n<td width=\"183\">Administrator baz\u0103 de date<\/td>\n<td width=\"112\">068056699<\/td>\n<td width=\"239\"><a href=\"mailto:igor.ciubuc@gmail.com\">igor.ciubuc@gmail.com<\/a><\/td>\n<\/tr>\n<tr>\n<td colspan=\"4\" width=\"694\"><strong>INSTITU\u021aII\/SERVICII DIN SUBORDINE<\/strong><\/td>\n<\/tr>\n<tr>\n<td width=\"153\">\u00a0Numele<\/td>\n<td width=\"183\">\u0218ef institu\u021bie\/serviciu<\/td>\n<td width=\"112\">Telefon<\/td>\n<td width=\"239\">E-mail<\/td>\n<\/tr>\n<tr>\n<td width=\"153\">\u00ce.M. SalubSire\u021bi<\/td>\n<td width=\"183\">RAILEAN Roman<\/td>\n<td width=\"112\">0237-72-486<\/p>\n<p>068234874<\/td>\n<td width=\"239\"><a href=\"mailto:silviavranceanu007@gmail.com\">silviavranceanu007@gmail.com<\/a><\/p>\n<p><a href=\"mailto:romarailea23@yahoo.di\">romarailean23@yahoo.de<\/a><\/td>\n<\/tr>\n<tr>\n<td width=\"153\">Biblioteca Public\u0103 Sire\u021bi<\/td>\n<td width=\"183\">GON\u021aA Valentina<\/td>\n<td width=\"112\">0237-71-190<\/p>\n<p>068647382<\/td>\n<td width=\"239\"><a href=\"mailto:valeagonta.10@gmail.com\">valeagonta.10@gmail.com<\/a><\/td>\n<\/tr>\n<tr>\n<td width=\"153\">Casa de Cultur\u0103 Sire\u021bi<\/td>\n<td width=\"183\">CIPILENCO Liuba<\/td>\n<td width=\"112\">0237-93-127<\/p>\n<p>069315450<\/td>\n<td width=\"239\"><a href=\"mailto:liuba.cipilenco1@gmail.com\">liuba.cipilenco1@gmail.com<\/a><\/td>\n<\/tr>\n<tr>\n<td width=\"153\">Institu\u021bia de Educa\u021bie timpurie Nr.1<\/td>\n<td width=\"183\">MA\u021aIUC Aliona<\/td>\n<td width=\"112\">0237-71-212<\/p>\n<p>060933499<\/td>\n<td width=\"239\"><a href=\"mailto:gradinita1.sireti@mail.ru\">gradinita1.sireti@mail.ru<\/a><\/td>\n<\/tr>\n<tr>\n<td width=\"153\">Institu\u021bia de Educa\u021bie timpurie Nr.2<\/td>\n<td width=\"183\">CIPILENCO Ala<\/td>\n<td width=\"112\">0237-92-052<\/p>\n<p>069633693<\/td>\n<td width=\"239\"><a href=\"mailto:cipilenco.ala@mail.ru\">cipilenco.ala@mail.ru<\/a><\/td>\n<\/tr>\n<tr>\n<td width=\"153\">Centru Tineret Sire\u021bi<\/td>\n<td width=\"183\">LUCA Veronica<\/td>\n<td width=\"112\">060193710<\/td>\n<td width=\"239\"><a href=\"mailto:sirbuveronico03@gmail.com\">sirbuveronico03@gmail.com<\/a><\/p>\n<p><a href=\"mailto:veronica.sirbu@sireti.md\">veronica.sirbu@sireti.md<\/a><\/td>\n<\/tr>\n<tr>\n<td width=\"153\">Specialist pe tineret<\/td>\n<td width=\"183\">REBEJA Parascovia<\/td>\n<td width=\"112\">069305250<\/td>\n<td width=\"239\"><a href=\"mailto:rebejaparascovia23@gmail.com\">rebejaparascovia23@gmail.com<\/a><\/td>\n<\/tr>\n<tr>\n<td width=\"153\">Specialist pe tineret<\/td>\n<td width=\"183\">P\u00ceNZARI Adriana<\/td>\n<td width=\"112\">068194007<\/td>\n<td width=\"239\"><a href=\"mailto:pinzariandreia.08@gmail.com\">pinzariandreia.08@gmail.com<\/a><\/td>\n<\/tr>\n<tr>\n<td width=\"153\">Serviciul de Pompieri Voluntari<\/td>\n<td width=\"183\">IORGA Alexandru<\/td>\n<td width=\"112\">079604952<\/td>\n<td width=\"239\"><a href=\"mailto:alexandruiorga84@gmail.com\">alexandruiorga84@gmail.com<\/a><\/td>\n<\/tr>\n<tr>\n<td width=\"153\">Complexul Sportiv Sire\u021bi<\/td>\n<td width=\"183\">COJOCARI Anastasia<\/td>\n<td width=\"112\">068973228<\/td>\n<td width=\"239\"><\/td>\n<\/tr>\n<tr>\n<td width=\"153\">Clubul Seniorilor<\/td>\n<td width=\"183\">MOISEI Eugenia<\/td>\n<td width=\"112\">0237-71-190<\/p>\n<p>060388572<\/td>\n<td width=\"239\"><a href=\"mailto:moiseieugenia@gmail.com\">moiseieugenia@gmail.com<\/a><\/td>\n<\/tr>\n<tr>\n<td colspan=\"4\" width=\"694\"><strong>SERVICII DECONCENTRATE<\/strong><\/td>\n<\/tr>\n<tr>\n<td width=\"153\">Numele<\/td>\n<td width=\"183\">Func\u021bionarii<\/td>\n<td width=\"112\">Telefon<\/td>\n<td width=\"239\">E-mail<\/td>\n<\/tr>\n<tr>\n<td width=\"153\">Sectorul de Poli\u0163ie Nr.1 (inclusiv UAT Sire\u021bi)<\/td>\n<td width=\"183\">BULMAGA Vladimir<\/td>\n<td width=\"112\">0237-72-454<\/p>\n<p>060611837<\/td>\n<td width=\"239\"><a href=\"mailto:vladimir.bulmaga@igp.gov.md\">vladimir.bulmaga@igp.gov.md<\/a><\/td>\n<\/tr>\n<tr>\n<td width=\"153\">Asisten\u0163a social\u0103 comunitar\u0103<\/td>\n<td width=\"183\">CULALOV Diana<\/p>\n<p>CHITIC Olga<\/td>\n<td width=\"112\">0237-61-032<\/p>\n<p>068093373<\/p>\n<p>069381861<\/td>\n<td width=\"239\"><a href=\"mailto:diana.ermurache123@gmail.com\">diana.ermurache123@gmail.com <\/a><\/p>\n<p><a href=\"mailto:olgachitic8@gmail.com\">olgachitic8@gmail.com<\/a><\/td>\n<\/tr>\n<tr>\n<td width=\"153\">Specialist (drepturile copilului)<\/td>\n<td width=\"183\">IONI\u021aA Tamara<\/td>\n<td width=\"112\">069286762<\/td>\n<td width=\"239\"><a href=\"mailto:tamaraionita67@gmail.com\">tamaraionita67@gmail.com<\/a><\/td>\n<\/tr>\n<\/tbody>\n<\/table>\n","protected":false},"excerpt":{"rendered":"<p>\u00a0 \u00a0 \u00a0 \u00a0 \u00a0 \u00a0 \u00a0 \u00a0 \u00a0 \u00a0 \u00a0 \u00a0 \u00a0 \u00a0 \u00a0 \u00a0 \u00a0 \u00a0 \u00a0 \u00a0 \u00a0 \u00a0 \u00a0 \u00a0 \u00a0 Lista de contacte prim\u0103ria Sire\u021bi ADMINISTRA\u021aIA Nume\/Prenume Func\u021bia Telefon E-mail BOAGHI Leonid Primar 0237-71-236 069586536 boaghi.leonid@gmail.com IORGA Alexandru Viceprimar 069944300 alexandruiorga84@gmail.com RO\u0218CA Irina Viceprimar 068882377 iri.grecu2377@gmail.com GHERCIU Ana Viceprimar 068248885 [&hellip;]<\/p>\n","protected":false},"author":2,"featured_media":0,"parent":0,"menu_order":0,"comment_status":"open","ping_status":"open","template":"","meta":{"footnotes":""},"class_list":["post-16","page","type-page","status-publish","hentry"],"_links":{"self":[{"href":"https:\/\/sireti.sat.md\/index.php?rest_route=\/wp\/v2\/pages\/16","targetHints":{"allow":["GET"]}}],"collection":[{"href":"https:\/\/sireti.sat.md\/index.php?rest_route=\/wp\/v2\/pages"}],"about":[{"href":"https:\/\/sireti.sat.md\/index.php?rest_route=\/wp\/v2\/types\/page"}],"author":[{"embeddable":true,"href":"https:\/\/sireti.sat.md\/index.php?rest_route=\/wp\/v2\/users\/2"}],"replies":[{"embeddable":true,"href":"https:\/\/sireti.sat.md\/index.php?rest_route=%2Fwp%2Fv2%2Fcomments&post=16"}],"version-history":[{"count":34,"href":"https:\/\/sireti.sat.md\/index.php?rest_route=\/wp\/v2\/pages\/16\/revisions"}],"predecessor-version":[{"id":3079,"href":"https:\/\/sireti.sat.md\/index.php?rest_route=\/wp\/v2\/pages\/16\/revisions\/3079"}],"wp:attachment":[{"href":"https:\/\/sireti.sat.md\/index.php?rest_route=%2Fwp%2Fv2%2Fmedia&parent=16"}],"curies":[{"name":"wp","href":"https:\/\/api.w.org\/{rel}","templated":true}]}}