{"id":20,"date":"2015-03-12T10:48:07","date_gmt":"2015-03-12T08:48:07","guid":{"rendered":"http:\/\/sireti.sat.md\/?page_id=20"},"modified":"2025-01-10T12:26:33","modified_gmt":"2025-01-10T10:26:33","slug":"asezarea-geografica","status":"publish","type":"page","link":"https:\/\/sireti.sat.md\/?page_id=20","title":{"rendered":"A\u0219ezarea geografic\u0103"},"content":{"rendered":"<p><em>Satul Sire\u021bi este o localitate din componen\u021ba raionului Str\u0103\u0219eni, situat \u00een zona de centru a Republicii Moldova. Localitatea este amplasat\u0103 \u00een partea de sud-est a raionului Str\u0103\u0219eni. Satul este \u00eentins pe malurile r\u00e2ului Sire\u0163i \u0219i este amplasat \u00een apropierea c\u0103ii ferate \u015fi a magistralei auto de interes republican R-1 \u015fi a magistralei auto de interes interna\u0163ional M-21 \u0219i M4, care ofer\u0103 o leg\u0103tur\u0103 comod\u0103 \u015fi accesibil\u0103 cu localit\u0103\u021bile raionului \u015fi republicii. \u00cen partea de sud-vest, sud \u015fi sud-est satul Sire\u021bi se \u00eenvecineaz\u0103 cu mun. Chi\u015fin\u0103u. Distan\u021ba spre centrul raional (or. Str\u0103\u015feni) constituie 9 km, spre capital\u0103 17 km.\u00a0<\/em><\/p>\n<p>&nbsp;<\/p>\n","protected":false},"excerpt":{"rendered":"<p>Satul Sire\u021bi este o localitate din componen\u021ba raionului Str\u0103\u0219eni, situat \u00een zona de centru a Republicii Moldova. Localitatea este amplasat\u0103 \u00een partea de sud-est a raionului Str\u0103\u0219eni. Satul este \u00eentins pe malurile r\u00e2ului Sire\u0163i \u0219i este amplasat \u00een apropierea c\u0103ii ferate \u015fi a magistralei auto de interes republican R-1 \u015fi a magistralei auto de interes [&hellip;]<\/p>\n","protected":false},"author":2,"featured_media":0,"parent":0,"menu_order":0,"comment_status":"open","ping_status":"open","template":"","meta":{"footnotes":""},"class_list":["post-20","page","type-page","status-publish","hentry"],"_links":{"self":[{"href":"https:\/\/sireti.sat.md\/index.php?rest_route=\/wp\/v2\/pages\/20","targetHints":{"allow":["GET"]}}],"collection":[{"href":"https:\/\/sireti.sat.md\/index.php?rest_route=\/wp\/v2\/pages"}],"about":[{"href":"https:\/\/sireti.sat.md\/index.php?rest_route=\/wp\/v2\/types\/page"}],"author":[{"embeddable":true,"href":"https:\/\/sireti.sat.md\/index.php?rest_route=\/wp\/v2\/users\/2"}],"replies":[{"embeddable":true,"href":"https:\/\/sireti.sat.md\/index.php?rest_route=%2Fwp%2Fv2%2Fcomments&post=20"}],"version-history":[{"count":4,"href":"https:\/\/sireti.sat.md\/index.php?rest_route=\/wp\/v2\/pages\/20\/revisions"}],"predecessor-version":[{"id":2777,"href":"https:\/\/sireti.sat.md\/index.php?rest_route=\/wp\/v2\/pages\/20\/revisions\/2777"}],"wp:attachment":[{"href":"https:\/\/sireti.sat.md\/index.php?rest_route=%2Fwp%2Fv2%2Fmedia&parent=20"}],"curies":[{"name":"wp","href":"https:\/\/api.w.org\/{rel}","templated":true}]}}